, 1049
List the prime factors of 1233733.
263, 4691
What are the prime factors of 48335508?
2, 3, 13, 173, 199
List the prime factors of 472056577.
19, 23, 29, 193
What are the prime factors of 17301437?
43, 402359
What are the prime factors of 309057816?
2, 3, 12877409
List the prime factors of 390942525.
3, 5, 2053, 2539
List the prime factors of 405286774.
2, 29, 6987703
What are the prime factors of 3253796490?
2, 3, 5, 7, 41, 53987
List the prime factors of 25940477.
73, 269, 1321
What are the prime factors of 1739101568?
2, 13586731
What are the prime factors of 215233187?
13, 163, 101573
What are the prime factors of 528896188?
2, 132224047
List the prime factors of 1247531051.
13, 19, 109, 46337
List the prime factors of 273551712.
2, 3, 7, 58153
List the prime factors of 129064718.
2, 31, 773, 2693
List the prime factors of 314258102.
2, 157129051
List the prime factors of 20446992.
2, 3, 1753
List the prime factors of 190558671.
3, 43, 787, 1877
What are the prime factors of 256651810?
2, 5, 19, 1350799
What are the prime factors of 3178913901?
3, 1059637967
What are the prime factors of 1547917790?
2, 5, 137, 149, 7583
List the prime factors of 159931468.
2, 971, 41177
List the prime factors of 41541429.
3, 19, 593, 1229
List the prime factors of 88688747.
7, 43, 294647
What are the prime factors of 153039377?
153039377
List the prime factors of 148747518.
2, 3, 17, 486103
List the prime factors of 42398814.
2, 3, 7066469
List the prime factors of 921155829.
3, 11, 17, 73, 83, 271
What are the prime factors of 145400993?
145400993
List the prime factors of 197722738.
2, 173, 571453
List the prime factors of 200129255.
5, 293, 136607
List the prime factors of 12808777.
12808777
List the prime factors of 60599082.
2, 3, 199, 50753
What are the prime factors of 189717332?
2, 7, 41, 59, 2801
List the prime factors of 2739028872.
2, 3, 2621, 43543
List the prime factors of 8775701.
11, 19, 199, 211
List the prime factors of 45690899.
577, 79187
What are the prime factors of 441755539?
71, 6221909
List the prime factors of 25848583.
25848583
What are the prime factors of 66004664?
2, 11, 23, 32611
List the prime factors of 113872723.
1429, 79687
List the prime factors of 832006172.
2, 29, 7172467
List the prime factors of 3112452348.
2, 3, 53, 977, 5009
What are the prime factors of 228516238?
2, 114258119
List the prime factors of 4789124.
2, 1197281
What are the prime factors of 733399634?
2, 11, 137, 2011
List the prime factors of 1314658228.
2, 13, 25281889
What are the prime factors of 129991188?
2, 3, 10832599
What are the prime factors of 2882775104?
2, 11, 23, 178037
What are the prime factors of 2386924981?
7, 23, 2903, 5107
What are the prime factors of 692608859?
41, 3863, 4373
What are the prime factors of 3074033297?
37, 1129, 73589
What are the prime factors of 12735809?
97, 131297
What are the prime factors of 535298078?
2, 7, 38235577
What are the prime factors of 4424965?
5, 29, 30517
List the prime factors of 2493910715.
5, 151, 3303193
What are the prime factors of 138516036?
2, 3, 1427, 8089
What are the prime factors of 53755354?
2, 26877677
What are the prime factors of 2301574849?
7, 1231, 267097
List the prime factors of 110613382.
2, 11, 67, 101, 743
What are the prime factors of 358161492?
2, 3, 13, 53, 43319
List the prime factors of 1856758617.
3, 7, 4210337
What are the prime factors of 1938484?
2, 484621
What are the prime factors of 206369762?
2, 47, 229, 9587
List the prime factors of 2458590968.
2, 127, 2419873
List the prime factors of 4786541485.
5, 11, 89, 10987
What are the prime factors of 1546738536?
2, 3, 7, 9206777
What are the prime factors of 81275846?
2, 1321, 30763
What are the prime factors of 83373344?
2, 23, 113279
List the prime factors of 28388787.
3, 7, 313, 617
What are the prime factors of 597342879?
3, 7, 137, 9887
List the prime factors of 209379228.
2, 3, 17448269
What are the prime factors of 2510793760?
2, 5, 19, 825919
What are the prime factors of 46502416?
2, 2906401
List the prime factors of 2272156.
2, 347, 1637
List the prime factors of 1594316779.
11, 144937889
What are the prime factors of 311611693?
311611693
List the prime factors of 309398402.
2, 17, 9099953
What are the prime factors of 194772715?
5, 38954543
What are the prime factors of 580839389?
13, 44679953
What are the prime factors of 1705688911?
29, 1423, 41333
What are the prime factors of 81428378?
2, 41, 59, 16831
List the prime factors of 522092998.
2, 7, 37292357
What are the prime factors of 31528261?
101, 312161
What are the prime factors of 167137887?
3, 7, 97, 82051
List the prime factors of 108497088.
2, 3, 7, 71, 379
List the prime factors of 1493894017.
7, 11, 2771603
List the prime factors of 55897547.
17, 3288091
What are the prime factors of 298914778?
2, 149457389
List the prime factors of 187145461.
107, 1749023
List the prime factors of 54699110.
2, 5, 71, 77041
List the prime factors of 159753793.
159753793
What are the prime factors of 1813622710?
2, 5, 37, 4901683
What are the prime factors of 110726357?
7, 19, 179, 4651
List the prime factors of 30257189.
193, 211, 743
What are the prime factors of 220090344?
2, 3, 53, 71, 2437
What are the prime factors of 32145903?
3, 107, 3709
What are the prime factors of 892119319?
7, 13, 17, 576677
List the prime factors of 61314733.
17, 239, 15091
What are the prime factors of 1971766093?
11, 211, 849533
What are the prime factors of 31807957?
19, 613, 2731
List the prime factors of 664458367.
19, 34971493
List the prime factors of 1835500043.
13, 10860947
What are the prime factors of 441661126?
2, 29, 7614847
List the prime factors of 470925377.
13, 149, 243121
What are the prime factors of 67968878?
2, 191, 177929
List the prime factors of 397168024.
2, 11, 4513273
What are the prime factors of 8092359083?
433, 18689051
List the prime factors of 8695090034.
2, 4347545017
What are the prime factors of 518968462?
2, 43, 1567, 3851
What are the prime factors of 39740064?
2, 3, 7, 13, 4549
What are the prime factors of 856374029?
7, 17477021
What are the prime factors of 6284541768?
2, 3, 12743, 20549
What are the prime factors of 446254281?
3, 11, 4507619
What are the prime factors of 49038980?
2, 5, 263, 9323
List the prime factors of 221448215.
5, 109, 406327
What are the prime factors of 31289543?
31289543
What are the prime factors of 66130719?
3, 31, 251, 2833
What are the prime factors of 33454651?
431, 77621
What are the prime factors of 46216729?
13, 23, 154571
What are the prime factors of 90101326?
2, 7, 17, 347, 1091
List the prime factors of 422355204.
2, 3, 661, 17749
What are the prime factors of 54029534?
2, 13, 2078059
List the prime factors of 4421945793.
3, 709, 2078959
List the prime factors of 1218796334.
2, 7, 17, 313, 16361
List the prime factors of 77278935.
3, 5, 5151929
List the prime factors of 717950353.
717950353
What are the prime factors of 103404216?
2, 3, 4308509
What are the prime factors of 7890297698?
2, 3945148849
What are the prime factors of 188795311?
9013, 20947
What are the prime factors of 3614301784?
2, 29, 37, 14519
What are the prime factors of 210374278?
2, 53, 71, 27953
What are the prime factors of 3193010118?
2, 3, 19709939
List the prime factors of 43749492.
2, 3, 3645791
What are the prime factors of 1450337982?
2, 3, 19, 101, 125963
List the prime factors of 1154166396.
2, 3, 191, 503563
What are the prime factors of 1237759718?
2, 13, 3662011
List the prime factors of 625542234.
2, 3, 17, 71, 5081
List the prime factors of 6781233559.
53, 587, 217969
List the prime factors of 102154652.
2, 25538663
List the prime factors of 1167440105.
5, 13, 97, 185161
List the prime factors of 555338517.
3, 19, 1087, 8963
What are the prime factors of 190928748?
2, 3, 313, 50833
What are the prime factors of 59782745?
5, 11, 61, 103, 173
List the prime factors of 114843833.
13, 1097, 8053
List the prime factors of 288112690.
2, 5, 28811269
What are the prime factors of 244197592?
2, 313, 97523
What are the prime factors of 606162402?
2, 3, 33675689
List the prime factors of 600386381.
7, 85769483
What are the prime factors of 36672524?
2, 7, 449, 2917
List the prime factors of 1761994825.
5, 127, 554959
What